{"id":312,"date":"2020-01-03T21:04:46","date_gmt":"2020-01-03T20:04:46","guid":{"rendered":"http:\/\/s813616265.onlinehome.fr\/?page_id=312"},"modified":"2023-06-11T15:01:43","modified_gmt":"2023-06-11T13:01:43","slug":"la-grece-a-paris","status":"publish","type":"page","link":"https:\/\/phonie-graphie.org\/index.php\/la-grece-a-paris\/","title":{"rendered":"La Gr\u00e8ce \u00e0 Paris"},"content":{"rendered":"\n<p><a href=\"http:\/\/diktyo-idf.blogspot.com\/\" target=\"_blank\" rel=\"noreferrer noopener\">DIKTYO<\/a> &#8211; \u00ab\u00a0R\u00e9seau des Associations hell\u00e9niques, chypriotes, franco-hell\u00e9niques, franco-chypriotes et philhell\u00e8nes \u00ab\u00a0<br><a href=\"https:\/\/www.grecesurseine.fr\/\" target=\"_blank\" rel=\"noopener\" title=\"\">Lien vers le site du Diktyo<\/a><br> OBJECTIF: \u00abPromouvoir l&rsquo;Hell\u00e9nisme, d\u00e9velopper coordinations  et coop\u00e9rations entre les associations participantes et actives en  \u00cele-de-France; organiser et\/ou co-organiser des manifestations et\/ou  prendre des initiatives dans ces perspectives; favoriser la cr\u00e9ation  d\u2019associations de m\u00eame esprit; assurer le lien et des services aux  associations adh\u00e9rentes\u00bb. <\/p>\n","protected":false},"excerpt":{"rendered":"<p>DIKTYO &#8211; \u00ab\u00a0R\u00e9seau des Associations hell\u00e9niques, chypriotes, franco-hell\u00e9niques, franco-chypriotes et philhell\u00e8nes \u00ab\u00a0Lien vers le site du Diktyo OBJECTIF: \u00abPromouvoir l&rsquo;Hell\u00e9nisme, d\u00e9velopper coordinations et coop\u00e9rations entre les associations participantes et actives en \u00cele-de-France; organiser et\/ou co-organiser des manifestations et\/ou prendre des initiatives dans ces perspectives; favoriser la cr\u00e9ation d\u2019associations de m\u00eame esprit; assurer le lien et [&hellip;]<\/p>\n","protected":false},"author":1,"featured_media":0,"parent":0,"menu_order":0,"comment_status":"closed","ping_status":"closed","template":"","meta":{"_monsterinsights_skip_tracking":false,"_monsterinsights_sitenote_active":false,"_monsterinsights_sitenote_note":"","_monsterinsights_sitenote_category":0,"footnotes":""},"class_list":["post-312","page","type-page","status-publish","hentry"],"aioseo_notices":[],"_links":{"self":[{"href":"https:\/\/phonie-graphie.org\/index.php\/wp-json\/wp\/v2\/pages\/312","targetHints":{"allow":["GET"]}}],"collection":[{"href":"https:\/\/phonie-graphie.org\/index.php\/wp-json\/wp\/v2\/pages"}],"about":[{"href":"https:\/\/phonie-graphie.org\/index.php\/wp-json\/wp\/v2\/types\/page"}],"author":[{"embeddable":true,"href":"https:\/\/phonie-graphie.org\/index.php\/wp-json\/wp\/v2\/users\/1"}],"replies":[{"embeddable":true,"href":"https:\/\/phonie-graphie.org\/index.php\/wp-json\/wp\/v2\/comments?post=312"}],"version-history":[{"count":4,"href":"https:\/\/phonie-graphie.org\/index.php\/wp-json\/wp\/v2\/pages\/312\/revisions"}],"predecessor-version":[{"id":1437,"href":"https:\/\/phonie-graphie.org\/index.php\/wp-json\/wp\/v2\/pages\/312\/revisions\/1437"}],"wp:attachment":[{"href":"https:\/\/phonie-graphie.org\/index.php\/wp-json\/wp\/v2\/media?parent=312"}],"curies":[{"name":"wp","href":"https:\/\/api.w.org\/{rel}","templated":true}]}}